Let i = -194 + 314. Let u = a + i. What are the prime factors of u?
7
Suppose -62*k + 67*k = -g + 6692, -2*g - 1323 = -k. List the prime factors of k.
7, 191
Let g(j) = -j**3 - 14*j**2 - 15*j - 23. Let h be g(-13). Suppose -112 = -h*p - 5*y, -5*p - 2*y = -0*y - 174. Suppose u - p = 7. What are the prime factors of u?
41
Suppose -4*b + 4*m + 164 = 0, 3*b + 0*b - m - 117 = 0. Suppose -30*s = -b*s + 1096. What are the prime factors of s?
137
Let t(s) = s**3 - 3*s**2 + 22*s - 16. Suppose 20*z - 6*z = 126. What are the prime factors of t(z)?
2, 167
Let l be 4*(0 + 1) + 0/59. Suppose 0 = 5*a - l*c + 14, 7 = 5*c + 2. What are the prime factors of (1*1/a)/((-77)/26334)?
3, 19
Let f be 5 + 3*(-304)/6. What are the prime factors of 2/(-3) + (-105644)/f?
2, 359
Suppose -2*m = -m - 2. Suppose -m*q + 6 = g, -3*q - 3*g = -2 - 1. Suppose 0 = -q*p - 86 + 346. What are the prime factors of p?
2, 13
Let r(i) = 4065*i + 902. What are the prime factors of r(4)?
2, 8581
List the prime factors of 2*760/(-15)*(-126)/8.
2, 3, 7, 19
Let t be 2794/10 + (-2)/5. Let q = -174 + t. Suppose q + 1270 = 5*a. List the prime factors of a.
5, 11
Let z(o) = 234*o - 58. Suppose 7*h - 9*h + 3*s + 8 = 0, -2*s = 4*h - 16. List the prime factors of z(h).
2, 439
Suppose 16*w + 966 = 22*w. Suppose -476 = w*z - 165*z. What are the prime factors of z?
7, 17
Suppose 21 = 18*w - 51. Suppose -n + 1422 = u + w*n, -u - 4*n = -1427. What are the prime factors of u?
1447
Suppose 0 = -4*o - 8, n + 60 = -4*o - o. Let q = 150 + n. Let s = q + -51. What are the prime factors of s?
7
Let z be (12 + -3)/3 - -4. Suppose 11 = z*v - 3. Suppose x - 39 = -a, x - v*x = -a - 45. List the prime factors of x.
2, 3, 7
Let x(m) = -12*m + 105. Let v be x(9). Let s(j) = -31*j**3 - j**2 - 3*j - 12. What are the prime factors of s(v)?
3, 5, 11
Let q be 4 + (-2 - -5 - -2 - -29). Suppose 3*a - 563 + q = 0. List the prime factors of a.
5, 7
Suppose -v = 64 - 63. What are the prime factors of 1461*(v + 5)/12?
487
Let g = 691 - 366. List the prime factors of ((-4)/(-13))/(-2) - (-220725)/g.
7, 97
Let n = 11 - 17. Let f be 4*(-4)/n + (-1)/(-3). What are the prime factors of 16/(-36)*f*(-30)/4?
2, 5
Let h(g) = 200*g**3 - 8*g**2 + 19*g - 69. What are the prime factors of h(5)?
2, 12413
Let k(r) = -368*r - 26. Let w(p) = -p**2 + 10*p - 26. Let g be w(6). List the prime factors of k(g).
2, 5, 71
Let a(z) = -z**2 + 23*z - 105. Let j be a(7). Suppose j*t - 4113 - 864 = 0. What are the prime factors of t?
3, 79
Let p(a) = -58*a + 269. Let n(m) = 171*m - 806. Let d(x) = 6*n(x) + 17*p(x). List the prime factors of d(32).
3, 113
Let f = 4224 - 2995. Suppose -f = -8*w + 2515. What are the prime factors of w?
2, 3, 13
Suppose 6*d - 175 = 323. What are the prime factors of d?
83
Let j be (-35)/28 - (-84)/16. Suppose 603 = j*c - 2497. List the prime factors of c.
5, 31
Let g(l) = 15*l**2 + 15*l - 81. List the prime factors of g(-21).
3, 691
Let k(h) = -16337*h - 664. What are the prime factors of k(-2)?
2, 3, 5, 11, 97
Let y be 7 + (-1)/(-2)*-6. Suppose -16*c + y*c = -3024. List the prime factors of c.
2, 3, 7
Let r(o) = 38*o**3 + 17*o - 4. List the prime factors of r(7).
3, 487
Let d = -38 + 38. Suppose d = 5*l - l - 40. What are the prime factors of l/(-7)*7/(-2)*2?
2, 5
Suppose z + 2*d - 11088 = 0, d - 33274 = -2*z - z. What are the prime factors of z?
2, 47, 59
List the prime factors of 12/14 - 5190800/(-532).
2, 7, 17, 41
Suppose -11*l = 8*l - 266. Suppose l*j - 395 = 13*j. What are the prime factors of j?
5, 79
Let j(p) = 82*p**2 - 25*p + 64. What are the prime factors of j(4)?
2, 11, 29
Let i(v) = -5*v + 16. Let r(k) = -6*k + 16. Let t(y) = 5*i(y) - 4*r(y). Let m(s) = -s**2 + 6*s - 7. Let c be m(6). What are the prime factors of t(c)?
23
Suppose -4*r = -3*b + 53613, -3*b - 31*r = -28*r - 53655. List the prime factors of b.
19, 941
Let c(n) = 182*n**2 - n - 5. Let b be c(3). Suppose -40*x + 39*x = -b. List the prime factors of x.
2, 5, 163
Let d(a) = -23*a**2 + 2*a + 1. Let n be d(-1). Let t(y) = -y**3 - 23*y**2 + 15*y - 31. What are the prime factors of t(n)?
5, 37
Let i be (-17 - -11)*(-3)/6 + -4. List the prime factors of (47/i)/(325/(-80) - -4).
2, 47
Let n(k) = -k**3 + 15*k**2 + 5*k + 707. What are the prime factors of n(-30)?
41057
Suppose -30 = 2*s - 8*s. Suppose s*u + 448 = 4663. What are the prime factors of u?
3, 281
Suppose -2*g + 19 = -29. Suppose 156 - g = 4*x. What are the prime factors of -1 - (125/(-3))/(11/x)?
2, 31
Suppose -100*u + 1361676 - 740162 = -1132786. What are the prime factors of u?
53, 331
Let h = 72 + -44. Let w = 4 + h. Let j = 43 - w. What are the prime factors of j?
11
Let c = 15436 - 588. List the prime factors of c.
2, 29
Suppose 0 = -164*o - 120*o + 18941096. List the prime factors of o.
2, 33347
Let m(l) = -2*l**3 + l**2 - 4*l + 2. Let s be m(1). Let t be 2 - 2/(-3)*s. Suppose t = -2*d - 3*d + 1020. What are the prime factors of d?
2, 3, 17
Let q(r) = -3*r - 4. Let u be q(-2). Suppose u = -3*v + 11. What are the prime factors of (46/v)/(92/84 - 1)?
7, 23
Let f be (-20)/6*(-30)/25. Let d(r) = 7*r - 12. List the prime factors of d(f).
2
Suppose 0 = -2*y - u + 21, 3*u - 2*u + 23 = 2*y. Suppose -14 = y*a - 3. List the prime factors of (2 - a)/((-285)/(-138) - 2).
2, 23
Suppose -40*f + 22800 = 74*f. Let p = 68 + -211. Let o = p + f. List the prime factors of o.
3, 19
List the prime factors of 10/((-54)/243 - (-10759)/48375).
2, 5, 43
Suppose -5085*a + 53368 = -5071*a. What are the prime factors of a?
2, 953
Let a = 2937 - 1394. List the prime factors of a.
1543
Let z = -601 + 977. Suppose -1204 = -3*u - z. Let p = u + -138. What are the prime factors of p?
2, 3, 23
Let a be (6/(-8) + 1)/(2/8). Let m be -2*(a - (-1 + 0)). Let y = m + 25. List the prime factors of y.
3, 7
Let n(u) = 2*u**2 - 10*u - 14. Let v be (8/10)/((-9)/5760). Let a be v/(-52) + (-4)/(-26). List the prime factors of n(a).
2, 43
Let k(d) = 5*d - 9. Let q be k(3). Let u(i) = 8*i + 7 + 0*i + 3*i. What are the prime factors of u(q)?
73
Suppose -27*y - t = -22*y - 120163, -3*t + 9 = 0. What are the prime factors of y?
2, 751
Suppose -169624 = -26*n + 51688. What are the prime factors of n?
2, 7, 19
What are the prime factors of (858 - 903)*(1 + -498 + -1)?
2, 3, 5, 83
Let b be (-8)/(-30)*165/22. Suppose -4*j - 918 = -9*j - u, -b*u = -5*j + 909. What are the prime factors of j?
3, 61
Suppose -5*w + 491 = -3*w - 3*d, w = -3*d + 268. Suppose 6*l - w + 37 = 0. Suppose -64*u = -58*u - l. List the prime factors of u.
2, 3
What are the prime factors of 35384/136*97 - 20/170?
25237
Let y = -67 - 67. Let h = y + 476. Suppose 2*b - 67 = -r, -5*r - 2*b = b - h. What are the prime factors of r?
3, 23
Let p = 211 + -210. List the prime factors of (-41)/(-82) + 4410/4 + p.
2, 3, 23
Let x(v) = v**2 + 8. Let u be x(0). Let t be 6/(13/(1170/12)). Suppose 0 = -4*p + u, r = -5*p + t - 0. List the prime factors of r.
5, 7
Let p(c) = -21*c - 7. Let r be p(-15). Suppose b = r + 153. List the prime factors of b.
461
Let l(k) = 247*k**2 - 3*k - 3. Let y be l(-2). Suppose y = 6*q - 725. What are the prime factors of (q - (3 + -5)) + -5?
283
List the prime factors of (62/5)/((17/(-42160))/(2/(-4))).
2, 31
Let n(y) = 5919*y + 953. What are the prime factors of n(6)?
36467
Let v = 334 - -61. Suppose 3*n = -4*p + 512, -v = 6*p - 9*p - 5*n. What are the prime factors of p?
5
Let g(m) = 4998*m - 160. List the prime factors of g(4).
2, 37, 67
Let t(j) = 3*j - 48 - 2*j + 14*j**2 + 20 + 31. What are the prime factors of t(4)?
3, 7, 11
Let z = 136 + -133. Suppose 587 = z*u + 2*c, u - 583 = -2*u + 2*c. What are the prime factors of u?
3, 5, 13
Let j(d) = 13*d - 6. Let b be j(8). Let w = b + -93. Suppose -3*a + c = -w*a + 16, -3*a + c = -14. What are the prime factors of a?
2, 3
Let g = 7539 - 5892. What are the prime factors of g?
3, 61
Suppose -11942 = -635*h + 633*h + 4*v, h - 3*v - 5971 = 0. What are the prime factors of h?
7, 853
Let q = 38 + -24. Let u(y) = y**3 - 11*y**2 - 12*y + 16. Let j be u(q). Suppose 2*w - j = -2*w. List the prime factors of w.
109
Suppose 0 = -212261*v + 212251*v + 497220. What are the prime factors of v?
2, 3, 8287
Let g(p) = 333*p**2 + 9*p + 23. What are the prime factors of g(-2)?
7, 191
Suppose -52 = 4*j - 8*j + 4*p, -6 = -2*j - 2*